, 31, 19219
What are the prime factors of 20521757?
109, 188273
List the prime factors of 2338340.
2, 5, 43, 2719
List the prime factors of 3630197.
17, 19, 11239
List the prime factors of 205148.
2, 51287
List the prime factors of 32739395.
5, 13, 59, 8537
List the prime factors of 1631581.
7, 233083
List the prime factors of 4291688.
2, 536461
What are the prime factors of 254392?
2, 31799
What are the prime factors of 685259?
103, 6653
List the prime factors of 874998.
2, 3, 48611
What are the prime factors of 20936204?
2, 127, 41213
What are the prime factors of 6342756?
2, 3, 7, 23, 67
What are the prime factors of 176871?
3, 19, 29, 107
List the prime factors of 205001.
29, 7069
List the prime factors of 2678275.
5, 149, 719
What are the prime factors of 5449451?
7, 223, 3491
What are the prime factors of 1686730?
2, 5, 168673
List the prime factors of 616638.
2, 3, 11, 9343
List the prime factors of 7310712.
2, 3, 419, 727
List the prime factors of 2963568.
2, 3, 29, 2129
List the prime factors of 784468.
2, 196117
List the prime factors of 1213026.
2, 3, 41, 4931
What are the prime factors of 6883407?
3, 254941
What are the prime factors of 4739198?
2, 47, 50417
What are the prime factors of 4487336?
2, 7, 227, 353
List the prime factors of 10637854.
2, 5318927
List the prime factors of 807650.
2, 5, 29, 557
List the prime factors of 309357.
3, 37, 929
List the prime factors of 1134851.
19, 59729
List the prime factors of 26264533.
31, 71, 11933
What are the prime factors of 49716?
2, 3, 1381
What are the prime factors of 6740748?
2, 3, 7, 23, 1163
What are the prime factors of 375496?
2, 11, 17, 251
What are the prime factors of 21467914?
2, 13, 825689
What are the prime factors of 91681?
17, 5393
What are the prime factors of 2816221?
2816221
List the prime factors of 608379.
3, 17, 79, 151
What are the prime factors of 2320747?
11, 13, 16229
What are the prime factors of 1146434?
2, 61, 9397
What are the prime factors of 90143?
109, 827
What are the prime factors of 2358884?
2, 11, 53611
List the prime factors of 336100.
2, 5, 3361
What are the prime factors of 633326?
2, 316663
List the prime factors of 96034.
2, 48017
List the prime factors of 365618.
2, 11, 16619
What are the prime factors of 466643?
31, 15053
List the prime factors of 209553.
3, 23, 3037
List the prime factors of 128944.
2, 8059
List the prime factors of 890721.
3, 13, 23, 331
What are the prime factors of 4388492?
2, 23, 47701
What are the prime factors of 7253?
7253
What are the prime factors of 1306396?
2, 7, 13, 37, 97
List the prime factors of 9513643.
9513643
List the prime factors of 4923115.
5, 17, 3407
List the prime factors of 465684.
2, 3, 151, 257
List the prime factors of 545993.
7, 77999
List the prime factors of 77952.
2, 3, 7, 29
What are the prime factors of 16712925?
3, 5, 222839
List the prime factors of 20261923.
11, 19, 29, 3343
What are the prime factors of 180506?
2, 17, 5309
What are the prime factors of 10614138?
2, 3, 1769023
What are the prime factors of 918611?
197, 4663
What are the prime factors of 1053652?
2, 241, 1093
List the prime factors of 6635692.
2, 7, 269, 881
List the prime factors of 15510655.
5, 3102131
List the prime factors of 3601589.
3601589
What are the prime factors of 129931?
17, 7643
List the prime factors of 1985539.
53, 37463
List the prime factors of 96498.
2, 3, 1787
What are the prime factors of 1863402?
2, 3, 310567
What are the prime factors of 367516?
2, 139, 661
List the prime factors of 2255619.
3, 157, 4789
List the prime factors of 329881.
107, 3083
What are the prime factors of 150140?
2, 5, 7507
List the prime factors of 433129.
113, 3833
What are the prime factors of 1794208?
2, 13, 19, 227
List the prime factors of 164183.
164183
List the prime factors of 9235651.
9235651
List the prime factors of 775398.
2, 3, 13, 9941
List the prime factors of 2641546.
2, 1320773
What are the prime factors of 436843?
11, 151, 263
What are the prime factors of 1047951?
3, 37, 1049
What are the prime factors of 10420089?
3, 3473363
What are the prime factors of 5333717?
5333717
What are the prime factors of 329984?
2, 1289
List the prime factors of 191647.
83, 2309
List the prime factors of 775171.
47, 16493
What are the prime factors of 234886?
2, 117443
List the prime factors of 10080982.
2, 19, 61, 4349
List the prime factors of 1020911.
151, 6761
List the prime factors of 300731.
31, 89, 109
What are the prime factors of 134815?
5, 59, 457
What are the prime factors of 1510461?
3, 43, 1301
What are the prime factors of 16283627?
19, 43, 1049
What are the prime factors of 3816042?
2, 3, 157, 4051
What are the prime factors of 42105?
3, 5, 7, 401
List the prime factors of 317571.
3, 37, 2861
List the prime factors of 9517172.
2, 7, 59, 823
List the prime factors of 121453.
121453
List the prime factors of 8863849.
61, 331, 439
What are the prime factors of 892941?
3, 7, 101, 421
What are the prime factors of 50386?
2, 7, 59, 61
What are the prime factors of 2440050?
2, 3, 5, 16267
List the prime factors of 266568.
2, 3, 29, 383
List the prime factors of 4216256.
2, 11, 53, 113
List the prime factors of 247305.
3, 5, 16487
List the prime factors of 305407.
305407
What are the prime factors of 3516421?
3516421
List the prime factors of 23329101.
3, 157, 49531
What are the prime factors of 211277?
11, 19207
What are the prime factors of 560136?
2, 3, 23339
What are the prime factors of 260339?
260339
List the prime factors of 324021.
3, 108007
What are the prime factors of 993147?
3, 31, 59, 181
List the prime factors of 199521.
3, 7, 3167
List the prime factors of 109290.
2, 3, 5, 3643
List the prime factors of 1183076.
2, 295769
What are the prime factors of 19692647?
13, 17, 89107
What are the prime factors of 208838?
2, 7, 2131
List the prime factors of 111926.
2, 191, 293
List the prime factors of 112303.
112303
List the prime factors of 4785705.
3, 5, 106349
List the prime factors of 866937.
3, 288979
What are the prime factors of 132474?
2, 3, 22079
List the prime factors of 24819610.
2, 5, 127, 19543
List the prime factors of 688743.
3, 11, 773
What are the prime factors of 3658802?
2, 7, 53, 4931
What are the prime factors of 1170164?
2, 292541
What are the prime factors of 3619644?
2, 3, 7, 41, 1051
List the prime factors of 586121.
586121
List the prime factors of 23306.
2, 43, 271
What are the prime factors of 223874?
2, 7, 15991
List the prime factors of 1813627.
1813627
List the prime factors of 205552.
2, 29, 443
List the prime factors of 92887.
29, 3203
List the prime factors of 802503.
3, 13, 19
List the prime factors of 1907774.
2, 11, 17, 5101
What are the prime factors of 3128628?
2, 3, 41, 6359
What are the prime factors of 8853877?
179, 49463
What are the prime factors of 8113084?
2, 7, 83, 3491
What are the prime factors of 229258?
2, 79, 1451
What are the prime factors of 8352659?
7, 1193237
List the prime factors of 82731.
3, 11, 23, 109
What are the prime factors of 34899612?
2, 3, 11, 264391
What are the prime factors of 856644?
2, 3, 71387
What are the prime factors of 11044933?
11044933
List the prime factors of 4651089.
3, 1550363
What are the prime factors of 154726?
2, 11, 13, 541
List the prime factors of 832534.
2, 547, 761
What are the prime factors of 1506682?
2, 753341
What are the prime factors of 1169712?
2, 3, 8123
List the prime factors of 1755249.
3, 521, 1123
List the prime factors of 143190.
2, 3, 5, 37, 43
List the prime factors of 1075190.
2, 5, 79, 1361
List the prime factors of 13445983.
113, 257, 463
What are the prime factors of 107941?
107941
What are the prime factors of 10241154?
2, 3, 7, 11, 821
List the prime factors of 2158549.
2158549
What are the prime factors of 7029351?
3, 7, 111577
What are the prime factors of 1712496?
2, 3, 35677
List the prime factors of 168078.
2, 3, 109, 257
List the prime factors of 690625.
5, 13, 17
List the prime factors of 13559784.
2, 3, 7, 80713
What are the prime factors of 22375636?
2, 5593909
List the prime factors of 1335768.
2, 3, 7, 7951
What are the prime factors of 105692?
2, 26423
What are the prime factors of 59667?
3, 19889
What are the prime factors of 522102?
2, 3, 7, 31, 401
What are the prime factors of 1634